f(6). Suppose -5*b - v*l + 4*l = -129, 2*b - l = 48. What are the prime factors of b?
5
What are the prime factors of (-21635)/(-5)*1 - -2?
3, 13, 37
Let s be (-8)/36 + 195/27. Suppose 0 = -m + 5*u + 6, u - 38 - s = -4*m. Let p = 9 + m. List the prime factors of p.
2, 5
Suppose -4*q = -0*g + 3*g + 531, -2*g - q = 359. Let x = g - -255. List the prime factors of x.
2, 37
Suppose 2*r - 24 - 62 = 0. Let v = r - 23. What are the prime factors of v?
2, 5
Let s(l) = 1 + 13*l**3 + 3*l**2 - 17*l + 0 + 14*l. What are the prime factors of s(1)?
2, 7
Suppose -4320 = -453*b + 444*b. List the prime factors of b.
2, 3, 5
Let c(m) = 2*m - 7*m - 22 + 11*m. What are the prime factors of c(10)?
2, 19
Let y = -9 - -10. Let a = y + 3. Suppose -a*f + 8 = -32. List the prime factors of f.
2, 5
Suppose -y + 6 = 2. Let r(d) = 0*d - d + y*d + 0*d - 10. What are the prime factors of r(14)?
2
Let l = -1180 + 1710. What are the prime factors of l?
2, 5, 53
List the prime factors of 77/21 + (-1)/(-3) + 1595.
3, 13, 41
Suppose -a + 3 = -3. Suppose a*m - 23 = 1. What are the prime factors of m?
2
Suppose 7*n - 2707 = 3054. List the prime factors of n.
823
Let m be (-14)/(-28) + 0 + 878/4. What are the prime factors of 40/m + 2922/22?
7, 19
Suppose -5*a = 3*s + 828, 6*s = -2*a + 4*s - 332. Let f = -99 - a. List the prime factors of f.
2, 3, 11
Let r(o) = 5*o**3 + 24*o**2 - 26*o + 14. List the prime factors of r(7).
7, 389
Let b = 4831 + -2738. What are the prime factors of b?
7, 13, 23
List the prime factors of ((-1682681)/70)/(-11) - (-6)/(-20).
5, 19, 23
Let z(f) = -6*f**2 - 6*f + 13. Let t(y) = -4*y**2 - 4*y + 9. Let b(x) = 7*t(x) - 5*z(x). What are the prime factors of b(3)?
2, 11
What are the prime factors of (-5)/((-45)/(-36)) + (1092 - 1)?
1087
Suppose 3700 = 5*g - 5*d, -2*g + 1480 = -3*d + 5*d. What are the prime factors of g?
2, 5, 37
Suppose -5*s + q = -2690, -2*s + 1149 = 2*q + 73. What are the prime factors of s?
2, 269
Suppose -75*n = -85*n + 20. Let a = -251 - -445. Suppose -5*t = 4*u - a, -3*u + 4*t = n*u - 222. What are the prime factors of u?
2, 23
Suppose -342 = -26*k + 20*k. What are the prime factors of k?
3, 19
Let j(v) = -107*v**3 - 13*v + 214*v**3 - 108*v**3 + 11 + 18*v**2. List the prime factors of j(17).
79
Suppose 19 = -4*q + 3, 3*j + 4*q = -10. Suppose -a = -0 - j. What are the prime factors of a/5 - (-815)/25?
3, 11
Suppose -94*x - 12304 = -102*x. What are the prime factors of x?
2, 769
Let v(s) = -2*s - 11. Let y be v(-8). List the prime factors of (-4)/(-10) - (-368)/y.
2, 37
Suppose 0 = r - 0*r + 2*z - 11, 2*r = -z + 10. Let n be ((-28)/8 + r)*-2. List the prime factors of (54/10)/(n/5).
3
Let n = 365 - 247. List the prime factors of (n/(-6))/(1/(-3)).
59
Let z(h) = -4*h - 14. Let g be z(-3). What are the prime factors of (-6 - 0)/(-2) - (-235 + g)?
2, 3, 5
Suppose 6*u - 4*u - 6 = 0. Suppose -f = r + 3*f - 21, -5*f - 12 = -r. Suppose 4*w - u - r = 0. List the prime factors of w.
5
Let l(v) = -v**2 + 14*v - 23. Let j = -17 - -26. Let z = j + 1. List the prime factors of l(z).
17
Let d(m) = -m. Let a(r) be the second derivative of r**4/6 + r**3/3 - 2*r**2 - 7*r. Let o(j) = a(j) + 5*d(j). List the prime factors of o(-4).
2, 5
Suppose -4*n + 8*n = 16. Let m(y) = 6*y - 6. Let b(i) = i**2 + 12*i - 13. Let z(o) = 2*b(o) - 5*m(o). What are the prime factors of z(n)?
2, 3
Let p be -2 + -10*(-2)/4. Suppose p*t = -t + 8. List the prime factors of 3 + (-6)/t + 36.
2, 3
Let h = 20 - 0. Suppose 0*m - h = 4*m. Let u(d) = -d**3 - 4*d**2 + d - 7. What are the prime factors of u(m)?
13
Suppose 0*k = 2*k - 6, -x + k = -2. Suppose -5*f + 6 = -z + 19, 4*z - x*f = 22. Suppose z*i = -5*j + 67, 2*j - 5*j = 3*i - 63. What are the prime factors of i?
19
Let s(j) = -j**2 + 17*j. Let t(u) = -u. Let w(z) = s(z) - t(z). What are the prime factors of w(16)?
2
Suppose -2*x - 5*y = -3836, 2*y - 2106 = -x - 190. List the prime factors of x.
2, 3, 53
Let t(i) = -109*i - 7. Let x be t(-5). Suppose 61 = 3*g + x. What are the prime factors of 1/(0 - 3/g)?
53
Let h = 20 - -88. What are the prime factors of h?
2, 3
Suppose 3*y - 4*j - 52 = 14, -5*j = -2*y + 51. Suppose h = -h - 20. Let q = y - h. What are the prime factors of q?
2, 7
Let a = -1149 + 775. Let g = 575 + a. List the prime factors of g.
3, 67
Suppose 0 = -q - 4*v + 587, 0 = 4*q + 13*v - 16*v - 2272. What are the prime factors of q?
571
Let w(u) = -u + 7. Let k be w(7). Suppose k = s - 12 + 10. Suppose s*r + q - 28 = -r, 3*r = -4*q + 13. What are the prime factors of r?
11
Let y = 35 + -37. List the prime factors of 3474/16 + (68/(-32) - y).
7, 31
Let a(q) = q + 7. Let p be a(6). Suppose -145 = -p*n + 8*n. What are the prime factors of n?
29
Suppose 2*u + 5 = 117. Let i(t) = 29*t - 24. Let k be i(2). Let f = u - k. List the prime factors of f.
2, 11
What are the prime factors of 42*((-368)/80)/(4/(-10))?
3, 7, 23
Let p(s) = s. Let b = 4 + -10. Let j be p(b). What are the prime factors of (2 + 3)*j/(-5)?
2, 3
Suppose -l + 3*l = -4*m - 188, 5*m = -4*l - 232. Let h = 55 + m. What are the prime factors of h?
7
Let x be 19 + 6 - (-3)/1. Let g(q) = q + 8. Let m be g(-6). Suppose -m = -z + x. What are the prime factors of z?
2, 3, 5
Suppose -108 = -5*n + 2*h, 0*n + 96 = 5*n + h. Let b be (36/(-10))/((-8)/n). Suppose 5*w = 6 + b, -63 = -3*u + 3*w. What are the prime factors of u?
2, 3
Let a(g) = 43*g - 209. List the prime factors of a(15).
2, 109
Let m = -28 + 16. Let y be ((-40)/m)/((-2)/6). What are the prime factors of y/(-25) + 148/5?
2, 3, 5
Suppose 0 = 10*u - 12*u + 540. Let y = u - 63. List the prime factors of y.
3, 23
Let t(i) = -i - 1. Let o be t(-2). Let h be 42*(o - 8/12). Suppose 2*u - h = u. What are the prime factors of u?
2, 7
Suppose 4*j = 18 + 2. Suppose 5*r - 24 = -z, 4*r = 2*r + j*z - 12. List the prime factors of r.
2
Suppose -25 = 7*o - 12*o. Suppose -o*w + 10 = 0, -26 = -p + w + 135. What are the prime factors of p?
163
Let v(p) = 3*p + 14. Suppose -20 - 12 = -4*t. List the prime factors of v(t).
2, 19
Suppose -r + 1 = -14. Suppose -k = -5 - 7. What are the prime factors of (k/(-10))/(-2)*r?
3
Suppose 0*x = -3*x. Suppose -27 = 3*y - x*y. Let a = 26 + y. List the prime factors of a.
17
Suppose 0 = 2*l - 616 - 4664. What are the prime factors of l?
2, 3, 5, 11
Let c = 9 + 5. Let q = -17 + c. What are the prime factors of (-1 - (-25)/q)*-3?
2, 7
Let v(g) = 139*g - 15. Let m be v(2). Suppose -3*f = 4*d - 267 - 220, 0 = 2*d - 5*f - m. List the prime factors of d.
2, 31
Let f(l) = -l**2 + 28*l - 19. List the prime factors of f(16).
173
Suppose 45 = 5*u - x + 5*x, 3*x = u + 10. Suppose u*f = l + 24, -2*f - 2*f + 8 = 2*l. What are the prime factors of (-2 - l - 0) + 30?
2
Suppose 20*c = 1048 + 5672. What are the prime factors of c?
2, 3, 7
Let y(b) = -7*b**3 - 4*b**2 - 5*b + 1. Let r be y(-3). Let q = r + -91. What are the prime factors of q?
2, 3, 13
Let h(i) = i**2 + 7*i + 2. Let c be h(-6). Let m be c - (-6 + 4 - 5). Suppose -x = -2*a + 65, -56 + 161 = 4*a + m*x. What are the prime factors of a?
2, 3, 5
Let x(b) = b**3 - 5*b**2 + 2*b - 7. Let p be x(5). Suppose -t + 5*s + 29 = 0, -4*t + 34 = -p*t - 4*s. List the prime factors of t.
2, 3
Suppose -2*x + 0*x + 92 = 0. Let z = x + -35. List the prime factors of z.
11
Let s(z) = -34*z + 43. What are the prime factors of s(-32)?
3, 13, 29
Let w(c) = -4 - 1 - 11*c + 4. Let x be w(-2). Suppose -2*y + x + 15 = 0. List the prime factors of y.
2, 3
Let l = -6758 - -11756. What are the prime factors of l?
2, 3, 7, 17
Let h = -129 - -449. Let r = h + -163. List the prime factors of r.
157
Suppose -2*w = 2*m - 195 - 343, 0 = -m + 2*w + 278. What are the prime factors of m?
2, 17
Suppose -4*r - v = -6300, -2*r - 2*v - 1547 = -4703. List the prime factors of r.
2, 787
Let w be 0 - ((-2 - 1) + -3). Suppose -v - 195 = -w*v. Suppose 0 = -3*i - 0*i + v. List the prime factors of i.
13
Suppose -3*y = 4*y + 70. Let d(z) = -z**3 - 10*z**2 + z + 15. List the prime factors of d(y).
5
Let y(v) = 29*v**2 + 11. Let s be y(-4). Suppose -12*g + s = -7*g. List the prime factors of g.
5, 19
Let m = -2486 - -4390. What are the prime factors of m?
2, 7, 17
Suppose 5*i = -w + 152, 7*w = 3*i + 8*w - 92. List the prime factors of 3615/i + 1/(-2).
2, 3, 5
Suppose -2*g - 26 = -b, b + 0*g - 5*g =